hen (6/33 - (-68)/(-132))*-18 is divided by 4?
2
Let v be (1 + 1)/(2/3). Suppose x + 11 + 10 = 2*m, v*m + 2*x - 14 = 0. Suppose -12 = -4*l + m. Calculate the remainder when l is divided by 3.
2
Let y(q) = q + 7. Calculate the remainder when (-291)/(-27) - 8/(-36) is divided by y(-4).
2
Suppose 559 = 5*j + 2*q, -4*j - 151 = -3*q - 612. What is the remainder when j is divided by 2/(0 + 4)*58?
26
Let g(u) = 15 - u + 1 - 6. Calculate the remainder when 86 is divided by g(-12).
20
Let c(n) = n - 2. Let b be c(7). Let o(w) = -60*w**3 + 2*w**2 - 1. Let q be o(-1). Suppose -14 - q = -b*h. What is the remainder when 44 is divided by h?
14
Suppose -55 = -4*g + 89. Calculate the remainder when 176 is divided by g.
32
Let h be 6/(-18) + 92/6. Suppose h = o - 1. Calculate the remainder when o is divided by 9.
7
Let y = 63 + -57. Calculate the remainder when y is divided by 2.
0
What is the remainder when 44 is divided by 230/25 - (-1)/(-5)?
8
Suppose 0*v + 72 = 4*v. Suppose 5*b + 0*a - 65 = 3*a, 2*b = -4*a. Calculate the remainder when v is divided by b.
8
Suppose 3*q = z - 0*z - 21, 3*q = -z + 9. Let k(w) = 2*w + 2. What is the remainder when z is divided by k(3)?
7
Let q(n) = n**2 + 3*n - 37. Calculate the remainder when q(-13) is divided by 32.
29
Let n = -168 - -120. Let r(s) = s**3 + 7*s**2 + s + 2. Let z be r(-7). Calculate the remainder when n/z + 6/(-10) is divided by 6.
3
Let n(y) = y**3 - 4*y**2 - 1. Let i be n(4). Let a be 6 + (-1 - -5) + -2. Let z = i + a. Calculate the remainder when 13 is divided by z.
6
Let n = -10 - -26. What is the remainder when 72 is divided by n?
8
Suppose 0 = 5*s - 17 - 8. Suppose 4*h - s*y - 76 = -0*y, -5*y = -20. What is the remainder when 70 is divided by h?
22
Let l = -4 - -7. Suppose l*c - 2*c = 5. Calculate the remainder when 13 is divided by c.
3
Suppose 3*y - 3*p - p + 6 = 0, y = -2*p - 12. Calculate the remainder when 42 is divided by (-65)/y + (-1)/(-6).
9
Suppose 0 = -4*i - 2*y + 34, 4*y + 42 = 5*i - 2*i. Let g(s) = -70*s - 2. Let p be g(-1). Suppose p = 4*b - 4. Calculate the remainder when b is divided by i.
8
Suppose -77 = -2*i + 51. Suppose -39 = l - 2*l - 3*g, -l + 2*g = -i. Calculate the remainder when l is divided by 14.
12
Let q = 102 + -57. Calculate the remainder when q is divided by 16.
13
Let r(x) = -24*x - 1. Let w = -6 + 14. Let h = 20 - w. Calculate the remainder when r(-1) is divided by h.
11
Let o be (2 - 2)/(-3 - -2). Suppose 6 = -2*k + 5*s + 45, o = -k - 2*s + 6. Calculate the remainder when 23 is divided by k.
11
Let u = 5 + -5. Let c(a) = 2*a - 1 + 6*a**2 - 5*a + u*a + 2. Calculate the remainder when c(2) is divided by 10.
9
Suppose -14 = -b + 4*d + 19, 40 = b + 3*d. Calculate the remainder when b is divided by 13.
11
Suppose -2*h + 19 = 15. Let j(k) = 3*k - 3. Calculate the remainder when j(2) is divided by h.
1
Let y(c) = -c - 5. Let u be y(-8). Suppose -l + 4*l + 75 = u*o, -4*o = -l - 109. What is the remainder when o is divided by 10?
8
Suppose 3*p + 2*t + 0*t = 85, -3*p = -t - 88. What is the remainder when p is divided by 8?
5
Suppose -4*d = -3*n - 421, 5*d + 0*n - 521 = 2*n. Suppose -2 + 37 = p - 4*x, -5*p + d = 4*x. Calculate the remainder when p is divided by 12.
11
Suppose 77*y - 136 = 73*y. Calculate the remainder when 101 is divided by y.
33
Suppose 3*z - 3*c - 10 = 4*z, 0 = -3*c - 12. Let n(y) = -y**3 - 2*y - 2 + 2*y - 4*y**z - 3*y. Calculate the remainder when n(-4) is divided by 6.
4
Let o = -36 - -40. What is the remainder when o is divided by 4?
0
Let k(t) = -4*t**3 + t**2 + t + 3. Calculate the remainder when k(-2) is divided by 20.
17
Let v(k) = k**2 + 10*k + 3. Let b be v(-10). Suppose -f = f - 4*a - 18, b*f + 3 = -4*a. Let u = 8 + f. Calculate the remainder when 32 is divided by u.
10
Suppose -2*i + 0*i = -42. Let s = -36 + 98. What is the remainder when s is divided by i?
20
Let m = -9 + 19. Let v = 16 - m. Calculate the remainder when v is divided by 4.
2
Let w = -124 + 170. What is the remainder when w is divided by 16?
14
Suppose 4*r - 73 = 3. What is the remainder when 54 is divided by r?
16
Let j be ((-12)/10)/(6/(-20)). Let v = -289 + 468. Suppose -v = -j*l + 9. Calculate the remainder when l is divided by 16.
15
Let r(i) = i**2 - 1. Let u be r(1). Suppose u*o + 2*o = 46. What is the remainder when 43 is divided by o?
20
Let k(i) = i**3 - i**2 - 3*i + 3. Let q be ((-8)/(-24))/(1/(-9)). Calculate the remainder when k(3) is divided by (-2 + 1/(-3))*q.
5
Calculate the remainder when 3 is divided by ((-4)/8 + 0)*-2.
0
Let r(p) = p**3 + 5*p**2 + 2*p - 5. Let q be r(-4). Suppose 0 = -4*o - q*s + 151, 5*o + s + s = 180. Calculate the remainder when 100 is divided by o.
32
Suppose 7*k + 2 - 135 = 0. What is the remainder when k is divided by 7?
5
Let u(k) = 3*k**2 + 2*k - 1. Suppose -5*n + 30 = 5*c, 0*c + 5*c - 26 = -3*n. Calculate the remainder when u(-3) is divided by 11*(0 - c/(-4)).
9
Let k = 0 + 3. Calculate the remainder when k is divided by 2.
1
Let k be 2/3*3/1. Suppose 2*n = -k*n + 8. Suppose -5*f + 7*p = 2*p - 10, 10 = 5*f + p. What is the remainder when n is divided by f?
0
Suppose -310 = -4*q + 5*f, q - 2*f + 164 = 3*q. Calculate the remainder when q is divided by 41.
39
Suppose 5*h - 2*h - 171 = 0. Suppose -b - 4 = 0, 0*u + 3*b - 88 = -5*u. What is the remainder when h is divided by u?
17
Let t(d) = 1 + 1 + 2*d - 7. Let u(w) = w**2 + 22*w + 25. What is the remainder when t(6) is divided by u(-21)?
3
Let b(v) = v**2 - 7*v + 5. Calculate the remainder when b(-6) is divided by 21.
20
Suppose -120 - 87 = -3*r + 5*o, -3*r = -2*o - 198. Suppose 4*y = 3*v + r, 4*y - 8*v - 72 = -3*v. Calculate the remainder when y is divided by 4.
1
Suppose 43 = 4*z - 45. What is the remainder when z is divided by 12?
10
Suppose -3*f = w - 2*f - 9, 0 = -5*f + 25. Suppose w*d - 2*d - 12 = 0. What is the remainder when 16 is divided by d?
4
What is the remainder when 11 is divided by (-2)/(-5)*90/6?
5
Let a = 8 + 12. Suppose 5*b - 8*b = -36. Let w = a - b. What is the remainder when 30 is divided by w?
6
Let p(c) = c**3 + 9*c**2 - 8*c - 83. What is the remainder when p(-8) is divided by (-1)/(8/(-6))*16?
9
Let r(i) = -i**3 - 4*i**2 + 6*i + 20. What is the remainder when 29 is divided by r(-5)?
14
Let a = -6 - -10. Suppose 3*v + 8 = a*m, 0 = -2*v + v + 3*m + 4. Calculate the remainder when 44 is divided by (-122)/v + (-7)/28.
14
Suppose 3*z + 0*z = 21. Let o = -2 + z. Calculate the remainder when 9 is divided by o.
4
Calculate the remainder when (4 - 7) + -1 - -21 is divided by 10.
7
Suppose -6*d + 3*d - 183 = 0. Let f = d - -91. Suppose f = -0*a + 5*a. What is the remainder when 11 is divided by a?
5
Suppose 35*a - 33*a - 28 = 0. Calculate the remainder when 52 is divided by a.
10
Let v be 360/14 - 2/(-7). Suppose -5*w + 2*t = -107, -2*w + v = -7*t + 2*t. Calculate the remainder when w is divided by 12.
11
Calculate the remainder when (-25)/15 + 1330/15 is divided by 44.
43
Suppose 3*d - 90 = d. Suppose -5*o = 10, -3*i - 3*o = -d + 3. Let c = 7 + i. What is the remainder when 45 is divided by c?
22
Let c(f) be the second derivative of f**3/3 + 5*f**2/2 - f. Let j(s) = 6*s + 1. Let g be j(1). What is the remainder when c(g) is divided by 7?
5
Suppose -76*k - 132 = -79*k. Calculate the remainder when 173 is divided by k.
41
Let t be 1 - (28/(-4))/1. Let o = 42 + t. Calculate the remainder when o is divided by 13.
11
Suppose -3*p + 580 = 7*p. What is the remainder when p is divided by 20?
18
Suppose 11*c = -0*c + 11. What is the remainder when 5 is divided by c?
0
Suppose -4*z = 3*j - 20 + 1, 4*j = z + 19. Suppose -z + 31 = 2*p. Calculate the remainder when 44 is divided by p.
14
Suppose -2*o = -3*c + 1, 6 = -3*c + 3. Let m be o/4 - (-10)/4. What is the remainder when 21 is divided by ((-1)/m)/((-2)/44)?
10
Let w(o) = -2*o**3 - 6*o**2 + 10*o - 1. Let v be w(-7). Suppose 5*h + v = 8*h. Calculate the remainder when h is divided by 27.
26
Suppose -n + 4 = 23. Let l = n + 31. Let f = 4 + 3. What is the remainder when l is divided by f?
5
Let q = 21 - -16. What is the remainder when q is divided by 10?
7
Let t be -156*(-1)/3*2. Suppose -4*b + 4*h = -t, -2*b - 2*h + 80 = 3*h. Calculate the remainder when b*((-8)/(-3) - 2) is divided by 11.
9
Let h be 372/21 - 6/(-21). Suppose 2*q - 2 =